{"id":585,"date":"2023-09-21T13:50:44","date_gmt":"2023-09-21T13:50:44","guid":{"rendered":"https:\/\/mistralacciosocial.es\/avis-legal\/"},"modified":"2024-09-05T14:22:16","modified_gmt":"2024-09-05T14:22:16","slug":"avis-legal","status":"publish","type":"page","link":"https:\/\/mistralacciosocial.es\/val-val\/avis-legal\/","title":{"rendered":"AV\u00cdS LEGAL"},"content":{"rendered":"<h2 class=\"text-uppercase\">AV\u00cdS LEGAL<\/h2>\n<p>El responsable d&#8217;esta p\u00e0gina web \u00e9s: MISTRAL ACCI\u00d3 SOCIAL, COOP. V. Cooperativa registrada amb n\u00fam. 3168 en el Registre de Cooperatives de la Comunitat Valenciana, amb C.I.F. F40659336 i domicili social en C\/ Dr. Ram\u00f3n y Cajal, 7, pta. 7, pis 3r,46910, Benet\u00fasser (VAL\u00c8NCIA).<\/p>\n<p>Tamb\u00e9 pots contactar amb nosaltres a trav\u00e9s de la seg\u00fcent direcci\u00f3 d&#8217;e-mail: contacto@mistralacciosocial.es<\/p>\n<p><b>Propietat Intel\u00b7lectual i Industrial<\/b><br \/>\nEl disseny d&#8217;este lloc web i els seus codis font, aix\u00ed com els logos, marques i altres signes distintius que apareixen en el mateix pertanyen a MISTRAL ACCI\u00d3 SOCIAL, COOP. V i estan protegits pels corresponents drets de propietat intel\u00b7lectual i industrial.<\/p>\n<p><b>Responsabilitat dels continguts<\/b><br \/>\nMISTRAL ACCI\u00d3 SOCIAL, COOP. V no es fa responsable de la legalitat d&#8217;altres llocs web de tercers des dels quals puga accedir-se a esta web. MISTRAL ACCI\u00d3 SOCIAL, COOP. V tampoc respon per la legalitat d&#8217;altres llocs web de tercers, que pogueren estar vinculats o enlla\u00e7ats des d&#8217;esta web.<br \/>\nMISTRAL ACCI\u00d3 SOCIAL, COOP. V es reserva el dret a fer canvis en el lloc web sense previ av\u00eds, a fi de mantindre actualitzada la seua informaci\u00f3, afegint, modificant, corregint o eliminant els continguts publicats o el disseny del portal.<br \/>\nMISTRAL ACCI\u00d3 SOCIAL, COOP. V no ser\u00e0 responsable de l&#8217;\u00fas que tercers facen de la informaci\u00f3 publicada en el portal, ni tampoc dels danys patits o p\u00e8rdues econ\u00f2miques que, de manera directa o indirecta, produ\u00efsquen o puguen produir perjudicis econ\u00f2mics, materials o sobre dades, provocats per l&#8217;\u00fas d&#8217;aquesta informaci\u00f3.<\/p>\n<p><b>Reproducci\u00f3 de continguts<\/b><br \/>\nEs prohibeix la reproducci\u00f3 total o parcial dels continguts publicats en esta web sense l&#8217;autoritzaci\u00f3 pr\u00e8via i per escrit de MISTRAL ACCI\u00d3 SOCIAL, COOP. V.<br \/>\nTota la informaci\u00f3 relativa a privacitat, la tens en la nostra Pol\u00edtica de Privacitat.<\/p>\n","protected":false},"excerpt":{"rendered":"<p>AV\u00cdS LEGAL El responsable d&#8217;esta p\u00e0gina web \u00e9s: MISTRAL ACCI\u00d3 SOCIAL, COOP. V. Cooperativa registrada amb n\u00fam. 3168 en el Registre de Cooperatives de la Comunitat Valenciana, amb C.I.F. F40659336 i domicili social en C\/ Dr. Ram\u00f3n y Cajal, 7, pta. 7, pis 3r,46910, Benet\u00fasser (VAL\u00c8NCIA). Tamb\u00e9 pots contactar amb nosaltres a trav\u00e9s de la [&#8230;]\n","protected":false},"author":1,"featured_media":0,"parent":0,"menu_order":0,"comment_status":"closed","ping_status":"closed","template":"","meta":{"footnotes":""},"class_list":["post-585","page","type-page","status-publish","hentry"],"yoast_head":"<!-- This site is optimized with the Yoast SEO plugin v27.5 - https:\/\/yoast.com\/product\/yoast-seo-wordpress\/ -->\n<title>AV\u00cdS LEGAL - MISTRAL ACCION SOCIAL<\/title>\n<meta name=\"robots\" content=\"index, follow, max-snippet:-1, max-image-preview:large, max-video-preview:-1\" \/>\n<link rel=\"canonical\" href=\"https:\/\/mistralacciosocial.es\/val-val\/avis-legal\/\" \/>\n<meta property=\"og:locale\" content=\"en_US\" \/>\n<meta property=\"og:type\" content=\"article\" \/>\n<meta property=\"og:title\" content=\"AV\u00cdS LEGAL - MISTRAL ACCION SOCIAL\" \/>\n<meta property=\"og:description\" content=\"AV\u00cdS LEGAL El responsable d&#8217;esta p\u00e0gina web \u00e9s: MISTRAL ACCI\u00d3 SOCIAL, COOP. V. Cooperativa registrada amb n\u00fam. 3168 en el Registre de Cooperatives de la Comunitat Valenciana, amb C.I.F. F40659336 i domicili social en C\/ Dr. Ram\u00f3n y Cajal, 7, pta. 7, pis 3r,46910, Benet\u00fasser (VAL\u00c8NCIA). Tamb\u00e9 pots contactar amb nosaltres a trav\u00e9s de la [...]\" \/>\n<meta property=\"og:url\" content=\"https:\/\/mistralacciosocial.es\/val-val\/avis-legal\/\" \/>\n<meta property=\"og:site_name\" content=\"MISTRAL ACCION SOCIAL\" \/>\n<meta property=\"article:modified_time\" content=\"2024-09-05T14:22:16+00:00\" \/>\n<meta name=\"twitter:card\" content=\"summary_large_image\" \/>\n<meta name=\"twitter:label1\" content=\"Est. reading time\" \/>\n\t<meta name=\"twitter:data1\" content=\"2 minutes\" \/>\n<script type=\"application\/ld+json\" class=\"yoast-schema-graph\">{\"@context\":\"https:\\\/\\\/schema.org\",\"@graph\":[{\"@type\":\"WebPage\",\"@id\":\"https:\\\/\\\/mistralacciosocial.es\\\/val-val\\\/avis-legal\\\/\",\"url\":\"https:\\\/\\\/mistralacciosocial.es\\\/val-val\\\/avis-legal\\\/\",\"name\":\"AV\u00cdS LEGAL - MISTRAL ACCION SOCIAL\",\"isPartOf\":{\"@id\":\"https:\\\/\\\/mistralacciosocial.es\\\/#website\"},\"datePublished\":\"2023-09-21T13:50:44+00:00\",\"dateModified\":\"2024-09-05T14:22:16+00:00\",\"breadcrumb\":{\"@id\":\"https:\\\/\\\/mistralacciosocial.es\\\/val-val\\\/avis-legal\\\/#breadcrumb\"},\"inLanguage\":\"val-VAL\",\"potentialAction\":[{\"@type\":\"ReadAction\",\"target\":[\"https:\\\/\\\/mistralacciosocial.es\\\/val-val\\\/avis-legal\\\/\"]}]},{\"@type\":\"BreadcrumbList\",\"@id\":\"https:\\\/\\\/mistralacciosocial.es\\\/val-val\\\/avis-legal\\\/#breadcrumb\",\"itemListElement\":[{\"@type\":\"ListItem\",\"position\":1,\"name\":\"Portada\",\"item\":\"https:\\\/\\\/mistralacciosocial.es\\\/val-val\\\/\"},{\"@type\":\"ListItem\",\"position\":2,\"name\":\"AV\u00cdS LEGAL\"}]},{\"@type\":\"WebSite\",\"@id\":\"https:\\\/\\\/mistralacciosocial.es\\\/#website\",\"url\":\"https:\\\/\\\/mistralacciosocial.es\\\/\",\"name\":\"MISTRAL ACCION SOCIAL\",\"description\":\"\",\"potentialAction\":[{\"@type\":\"SearchAction\",\"target\":{\"@type\":\"EntryPoint\",\"urlTemplate\":\"https:\\\/\\\/mistralacciosocial.es\\\/?s={search_term_string}\"},\"query-input\":{\"@type\":\"PropertyValueSpecification\",\"valueRequired\":true,\"valueName\":\"search_term_string\"}}],\"inLanguage\":\"val-VAL\"}]}<\/script>\n<!-- \/ Yoast SEO plugin. -->","yoast_head_json":{"title":"AV\u00cdS LEGAL - MISTRAL ACCION SOCIAL","robots":{"index":"index","follow":"follow","max-snippet":"max-snippet:-1","max-image-preview":"max-image-preview:large","max-video-preview":"max-video-preview:-1"},"canonical":"https:\/\/mistralacciosocial.es\/val-val\/avis-legal\/","og_locale":"en_US","og_type":"article","og_title":"AV\u00cdS LEGAL - MISTRAL ACCION SOCIAL","og_description":"AV\u00cdS LEGAL El responsable d&#8217;esta p\u00e0gina web \u00e9s: MISTRAL ACCI\u00d3 SOCIAL, COOP. V. Cooperativa registrada amb n\u00fam. 3168 en el Registre de Cooperatives de la Comunitat Valenciana, amb C.I.F. F40659336 i domicili social en C\/ Dr. Ram\u00f3n y Cajal, 7, pta. 7, pis 3r,46910, Benet\u00fasser (VAL\u00c8NCIA). Tamb\u00e9 pots contactar amb nosaltres a trav\u00e9s de la [...]","og_url":"https:\/\/mistralacciosocial.es\/val-val\/avis-legal\/","og_site_name":"MISTRAL ACCION SOCIAL","article_modified_time":"2024-09-05T14:22:16+00:00","twitter_card":"summary_large_image","twitter_misc":{"Est. reading time":"2 minutes"},"schema":{"@context":"https:\/\/schema.org","@graph":[{"@type":"WebPage","@id":"https:\/\/mistralacciosocial.es\/val-val\/avis-legal\/","url":"https:\/\/mistralacciosocial.es\/val-val\/avis-legal\/","name":"AV\u00cdS LEGAL - MISTRAL ACCION SOCIAL","isPartOf":{"@id":"https:\/\/mistralacciosocial.es\/#website"},"datePublished":"2023-09-21T13:50:44+00:00","dateModified":"2024-09-05T14:22:16+00:00","breadcrumb":{"@id":"https:\/\/mistralacciosocial.es\/val-val\/avis-legal\/#breadcrumb"},"inLanguage":"val-VAL","potentialAction":[{"@type":"ReadAction","target":["https:\/\/mistralacciosocial.es\/val-val\/avis-legal\/"]}]},{"@type":"BreadcrumbList","@id":"https:\/\/mistralacciosocial.es\/val-val\/avis-legal\/#breadcrumb","itemListElement":[{"@type":"ListItem","position":1,"name":"Portada","item":"https:\/\/mistralacciosocial.es\/val-val\/"},{"@type":"ListItem","position":2,"name":"AV\u00cdS LEGAL"}]},{"@type":"WebSite","@id":"https:\/\/mistralacciosocial.es\/#website","url":"https:\/\/mistralacciosocial.es\/","name":"MISTRAL ACCION SOCIAL","description":"","potentialAction":[{"@type":"SearchAction","target":{"@type":"EntryPoint","urlTemplate":"https:\/\/mistralacciosocial.es\/?s={search_term_string}"},"query-input":{"@type":"PropertyValueSpecification","valueRequired":true,"valueName":"search_term_string"}}],"inLanguage":"val-VAL"}]}},"_links":{"self":[{"href":"https:\/\/mistralacciosocial.es\/val-val\/wp-json\/wp\/v2\/pages\/585","targetHints":{"allow":["GET"]}}],"collection":[{"href":"https:\/\/mistralacciosocial.es\/val-val\/wp-json\/wp\/v2\/pages"}],"about":[{"href":"https:\/\/mistralacciosocial.es\/val-val\/wp-json\/wp\/v2\/types\/page"}],"author":[{"embeddable":true,"href":"https:\/\/mistralacciosocial.es\/val-val\/wp-json\/wp\/v2\/users\/1"}],"replies":[{"embeddable":true,"href":"https:\/\/mistralacciosocial.es\/val-val\/wp-json\/wp\/v2\/comments?post=585"}],"version-history":[{"count":1,"href":"https:\/\/mistralacciosocial.es\/val-val\/wp-json\/wp\/v2\/pages\/585\/revisions"}],"predecessor-version":[{"id":647,"href":"https:\/\/mistralacciosocial.es\/val-val\/wp-json\/wp\/v2\/pages\/585\/revisions\/647"}],"wp:attachment":[{"href":"https:\/\/mistralacciosocial.es\/val-val\/wp-json\/wp\/v2\/media?parent=585"}],"curies":[{"name":"wp","href":"https:\/\/api.w.org\/{rel}","templated":true}]}}